4/g*4/y. Calculate the highest common factor of j and 18.
9
Let s = 12 - 10. What is the greatest common divisor of 18 and s?
2
Let v(g) = -g + 4. Let c be v(-6). Let t be -3*2/(-2) + 67. What is the highest common factor of t and c?
10
Let v(l) = -7*l - 6. Let i be v(12). Let h be (3/(-9))/(2/i). What is the highest common divisor of 30 and h?
15
Suppose -21*n = -19*n - 26. Calculate the greatest common divisor of 1 and n.
1
Let v = -85 - -121. What is the highest common divisor of 12 and v?
12
Suppose -7*d + 4 = -2*d + 4*h, 5*h - 5 = 2*d. Suppose 2*b = -d*b + 18. Calculate the highest common factor of 72 and b.
9
Let c(b) = b**3 + 13*b**2 + 7*b - 17. Let d be c(-12). Calculate the highest common factor of d and 215.
43
Let b(d) = 15*d**2 + 1. Let z be b(3). Calculate the greatest common factor of z and 17.
17
Suppose 7*t - 25 = 45. Let m(s) = s + 1. Let o be m(9). Calculate the highest common divisor of o and t.
10
Suppose 2*v - v = -2*f + 10, 5*f + 27 = 4*v. Calculate the highest common factor of 56 and v.
8
Let f be -5*(1 + -2) - -2. Let d(x) = x**3 + 3*x**2 - 2*x - 1. Let r be d(-3). Suppose r*w - 418 + 138 = 0. What is the highest common divisor of w and f?
7
Let q = -45 + 46. Calculate the greatest common factor of 17 and q.
1
Suppose -2*d + 2 = 0, -5*r + 38 = -2*d - 50. Let q(h) = -3*h. Let g be (-2)/(-3) + (-44)/12. Let w be q(g). Calculate the highest common divisor of r and w.
9
Suppose -64 = -4*i - 2*v - 2*v, -v = -i + 12. What is the highest common divisor of i and 21?
7
Let h be 212/6 - 12/9. What is the greatest common factor of 68 and h?
34
Let t(a) = -2*a - 4. Let i(j) = -5*j - 12. Let y(v) = 2*i(v) - 7*t(v). Let p be y(2). What is the greatest common factor of 132 and p?
12
Let z(t) = t + 16. Let m be z(0). Suppose 2*a + 18 = 4*a. Suppose 4*v = -4*n - v - a, v - 15 = -5*n. Calculate the highest common factor of n and m.
4
Suppose 0*n = v + n - 26, 5*n + 5 = 0. Suppose 7*a = -3*s + 2*a + 2, 4*s = 4*a + 56. What is the greatest common factor of v and s?
9
Let h = 115 - 89. What is the highest common divisor of 39 and h?
13
Let r = -19 - -23. Suppose r*a - 12 = 0, 99 - 4 = 5*i - 5*a. Calculate the highest common factor of i and 198.
22
Let f be 3*(-10)/6 + 93. Calculate the highest common divisor of f and 220.
44
Let v(m) = -4 + 4 + m + 4. Suppose 0*h = -h + 11. Let p be v(h). What is the highest common factor of 15 and p?
15
Let l(g) = -g**3 - 5*g**2 + 4*g + 4. Let n be l(-6). Let r = 16 - 12. What is the greatest common factor of r and n?
4
Suppose 13 = h + 4*h - 2*r, -r = -3*h + 8. Let p be (-3)/(3/(-6)*h). Suppose -j = p*j - 36. What is the highest common factor of j and 132?
12
Let g(z) = z**2 + 3*z + 13. Let y be g(9). Suppose -3*w + f = -3*f - 17, 0 = 2*f - 8. What is the greatest common divisor of w and y?
11
Let z(g) = -5*g - 17. Let s be z(-9). What is the greatest common factor of s and 42?
14
Let q = -8 - -6. Let l be 13 + (2 + q)/3. What is the highest common divisor of 13 and l?
13
Let l(d) = -24*d - 24. Let n be l(-10). What is the highest common divisor of 24 and n?
24
Let n(a) = -a + 12. Let c be n(9). Let g = c - 2. Let t be (0 + g + 0)*1. What is the highest common factor of 2 and t?
1
Let c(j) = 6*j - 8*j + 2*j + j + 6. Let d = 16 + -7. Let k be c(d). What is the highest common factor of k and 3?
3
Suppose -n = n - 24. Let b be (25 - 22) + (0 - -9). What is the highest common factor of b and n?
12
Suppose -5*v - 41 = -m + 83, -3*v + 156 = m. Calculate the greatest common divisor of 16 and m.
16
Let f be (55 - 0) + (-1)/(-1). Suppose 5*z + 25 = 0, d + 2*z = -3 + 42. Suppose 5*y + 9 = d. What is the highest common factor of f and y?
8
Suppose 35 = 4*l + 5*d, 0*d - d + 3 = 0. Suppose -l*y + 86 = -74. Let r be (32/(-10))/(5/(-25)). Calculate the highest common factor of r and y.
16
Let c = -36 - -84. Let r(y) be the third derivative of -y**4/4 + y**2. Let m be r(-1). Calculate the greatest common factor of m and c.
6
Suppose -2*q - h + 8 = 0, -4*q + 4 = -0*h - h. Suppose m - 9 = q. What is the greatest common factor of m and 121?
11
Let a be ((-182)/8)/((-5)/20). What is the highest common factor of a and 13?
13
Suppose -4*k - 4 = w - 12, -2*w = 4*k - 28. What is the greatest common factor of w and 8?
4
Suppose -2*y = 2*y - 36. Calculate the highest common divisor of 9 and y.
9
Let q = 1 - -8. Suppose -u = -0*u - q. Calculate the highest common factor of 99 and u.
9
Let y be (-5)/((-5)/(-2)) - -32. Let k = y + -16. Calculate the greatest common factor of 56 and k.
14
Let w = 263 - 65. Calculate the highest common divisor of 18 and w.
18
Suppose 8*h - 9*h + 90 = 0. Calculate the highest common divisor of 36 and h.
18
Suppose -3*a + b = -4*a + 44, -3*a = -5*b - 156. Let r be 327/21 + ((-3)/7)/(-1). Suppose -r - a = -j. What is the highest common factor of 9 and j?
9
Suppose -5*y + 5*u = -25, 2*y + u = 1 + 6. Suppose -y + 13 = -3*z. Let b = 19 + z. What is the highest common divisor of 16 and b?
16
Let f(s) = s**3 + 7*s**2 + 6*s + 9. Let n be f(-6). Suppose 2*r + 64 = 4*b, -n = -5*r + 1. What is the greatest common factor of b and 51?
17
Let t = 217 + -152. Calculate the highest common divisor of t and 26.
13
Let t = -4 + 8. Let d(w) = -w**3 + 15*w**2 + w + 13. Let y be d(15). Calculate the greatest common factor of y and t.
4
Suppose -6*k - 10 = -3*h - k, 0 = -5*k + 5. What is the greatest common factor of h and 40?
5
Let l = 110 - 106. Let s be 5/((-2)/(2*-4)). What is the greatest common divisor of s and l?
4
Let o(t) = -t**2 + t + 21. Suppose -3*x = -x. Let q be o(x). Let z = 145 + -61. What is the highest common factor of q and z?
21
Let k(g) = -g**3 + 14*g**2 - 4*g - 13. Let w be k(13). Calculate the greatest common divisor of w and 13.
13
Let c = -3 - -11. Suppose o + c = 2*o. Let u = 15 - -57. What is the highest common divisor of o and u?
8
Let i(d) = -8*d + 8. Let s be i(-21). Calculate the greatest common factor of 16 and s.
16
Let y be 1356/9*3/2. Let r = y + -151. What is the greatest common factor of 15 and r?
15
Suppose 0 = -u - 5*m - 24, 2*m + m = 2*u + 61. Let j = 44 + u. Suppose j = 4*y - 1. What is the greatest common divisor of 1 and y?
1
Let j(q) = -q**3 + 8*q**2 + 5*q - 4. Let c be j(5). Suppose -c = -11*l + 8*l. Calculate the greatest common factor of 80 and l.
16
Suppose 28 + 47 = -5*a. Let f = a - -25. Suppose 38 = 5*u - 12. Calculate the greatest common divisor of f and u.
10
Let t = 3 - 1. Let p be 0 + (t/(-2) - -11). Let d = p - 2. What is the greatest common factor of 88 and d?
8
Let n = -2 - -7. Let g(w) = -w**3 + 5*w**2 + 4*w - 1. Let q be g(n). Suppose 5*j + q = 89. What is the highest common factor of 21 and j?
7
Let o be (-1 - -3) + (2 - 13*-2). What is the greatest common factor of o and 10?
10
Let p be 1/3 - 5/15. Suppose -4*t + 6 - 2 = p. What is the greatest common divisor of t and 3?
1
Let o be 0 + 1 + (0 - 0). Suppose 49 = 3*d - 2. Suppose 0 = -g + 2*g - 5*l + d, 0 = -5*g + 4*l + 20. What is the highest common factor of g and o?
1
Let d(s) = s - 1. Let n be d(3). Let h(a) = -a + 1. Let l be h(-3). What is the highest common factor of n and l?
2
Let r = -74 + 274. Calculate the highest common factor of r and 25.
25
Let m(t) = -2*t - 1. Let z be m(-3). Suppose -5*l - 28 + 3 = 0. Let c be (-2 - 22/l)*z. Calculate the greatest common divisor of c and 96.
12
Let h be (-2)/(-11) - (-140)/(-44). Let w = 11 + h. Calculate the highest common factor of 64 and w.
8
Let y(p) = -p**3 + 4*p**2 + p + 5. Let k be y(4). Calculate the highest common factor of 9 and k.
9
Let q = 158 + -155. What is the highest common divisor of 21 and q?
3
Suppose -f = 2*m - 58, -2*f + 136 = 5*m - 4*f. Suppose -4*r + 3*p + 391 - 105 = 0, 0 = 3*r + 2*p - 206. Calculate the highest common factor of r and m.
14
Let c be (-12)/(-2)*16/6. Let v be c/3*6/4. What is the highest common divisor of v and 2?
2
Let j be (1 + -40)/((-12)/72). Calculate the highest common divisor of j and 26.
26
Let i = 6 - 3. Suppose i + 10 = p. Suppose f - 6*f = -65. Calculate the greatest common factor of f and p.
13
Let x(f) be the third derivative of -f**4/24 - f**2. Let g be x(-5). Let b be 2/5 + 38/g. Calculate the highest common factor of 72 and b.
8
Let x(h) = h**3 - 5*h**2 + 8*h - 4. Let a be (2 + -2 - 2) + 32. Suppose -v = -6*